[INFO] cloning repository https://github.com/Afourcat/Runix
[INFO] running `Command { std: "git" "-c" "credential.helper=" "-c" "credential.helper=/workspace/cargo-home/bin/git-credential-null" "clone" "--bare" "https://github.com/Afourcat/Runix" "/workspace/cache/git-repos/https%3A%2F%2Fgithub.com%2FAfourcat%2FRunix", kill_on_drop: false }`
[INFO] [stderr] Cloning into bare repository '/workspace/cache/git-repos/https%3A%2F%2Fgithub.com%2FAfourcat%2FRunix'...
[INFO] running `Command { std: "git" "rev-parse" "HEAD", kill_on_drop: false }`
[INFO] [stdout] f9808de41303555c1b4fee26837d890002094d06
[INFO] checking Afourcat/Runix against master#af3c6e733a40e671550e0f0f5aeecaa13772ba56 for pr-74989
[INFO] running `Command { std: "git" "clone" "/workspace/cache/git-repos/https%3A%2F%2Fgithub.com%2FAfourcat%2FRunix" "/workspace/builds/worker-7/source", kill_on_drop: false }`
[INFO] [stderr] Cloning into '/workspace/builds/worker-7/source'...
[INFO] [stderr] done.
[INFO] validating manifest of git repo https://github.com/Afourcat/Runix on toolchain af3c6e733a40e671550e0f0f5aeecaa13772ba56
[INFO] running `Command { std: "/workspace/cargo-home/bin/cargo" "+af3c6e733a40e671550e0f0f5aeecaa13772ba56" "read-manifest" "--manifest-path" "Cargo.toml", kill_on_drop: false }`
[INFO] started tweaking git repo https://github.com/Afourcat/Runix
[INFO] finished tweaking git repo https://github.com/Afourcat/Runix
[INFO] tweaked toml for git repo https://github.com/Afourcat/Runix written to /workspace/builds/worker-7/source/Cargo.toml
[INFO] crate git repo https://github.com/Afourcat/Runix already has a lockfile, it will not be regenerated
[INFO] running `Command { std: "/workspace/cargo-home/bin/cargo" "+af3c6e733a40e671550e0f0f5aeecaa13772ba56" "fetch" "--locked" "--manifest-path" "Cargo.toml", kill_on_drop: false }`
[INFO] [stderr]     Updating crates.io index
[INFO] [stderr] error: the lock file /workspace/builds/worker-7/source/Cargo.lock needs to be updated but --locked was passed to prevent this
[INFO] [stderr] If you want to try to generate the lock file without accessing the network, use the --offline flag.
[INFO] the lockfile is outdated, regenerating it
[INFO] running `Command { std: "/workspace/cargo-home/bin/cargo" "+af3c6e733a40e671550e0f0f5aeecaa13772ba56" "generate-lockfile" "--manifest-path" "Cargo.toml" "-Zno-index-update", kill_on_drop: false }`
[INFO] running `Command { std: "/workspace/cargo-home/bin/cargo" "+af3c6e733a40e671550e0f0f5aeecaa13772ba56" "fetch" "--locked" "--manifest-path" "Cargo.toml", kill_on_drop: false }`
[INFO] running `Command { std: "docker" "create" "-v" "/var/lib/crater-agent-workspace/builds/worker-7/target:/opt/rustwide/target:rw,Z" "-v" "/var/lib/crater-agent-workspace/builds/worker-7/source:/opt/rustwide/workdir:ro,Z" "-v" "/var/lib/crater-agent-workspace/cargo-home:/opt/rustwide/cargo-home:ro,Z" "-v" "/var/lib/crater-agent-workspace/rustup-home:/opt/rustwide/rustup-home:ro,Z" "-e" "SOURCE_DIR=/opt/rustwide/workdir" "-e" "CARGO_TARGET_DIR=/opt/rustwide/target" "-e" "CARGO_HOME=/opt/rustwide/cargo-home" "-e" "RUSTUP_HOME=/opt/rustwide/rustup-home" "-w" "/opt/rustwide/workdir" "-m" "1610612736" "--user" "0:0" "--network" "none" "rustops/crates-build-env@sha256:d92eaeed33fa75130ca1ee6c8a01d1ffb62bac859dfdfb3450e3e5d1c0146529" "/opt/rustwide/cargo-home/bin/cargo" "+af3c6e733a40e671550e0f0f5aeecaa13772ba56" "metadata" "--no-deps" "--format-version=1", kill_on_drop: false }`
[INFO] [stderr] WARNING: Your kernel does not support swap limit capabilities or the cgroup is not mounted. Memory limited without swap.
[INFO] [stdout] e254e679f5ef418e31ee2f2db48a60cbef9300531f91145dae90a3c849ff4e7d
[INFO] running `Command { std: "docker" "start" "-a" "e254e679f5ef418e31ee2f2db48a60cbef9300531f91145dae90a3c849ff4e7d", kill_on_drop: false }`
[INFO] running `Command { std: "docker" "inspect" "e254e679f5ef418e31ee2f2db48a60cbef9300531f91145dae90a3c849ff4e7d", kill_on_drop: false }`
[INFO] running `Command { std: "docker" "rm" "-f" "e254e679f5ef418e31ee2f2db48a60cbef9300531f91145dae90a3c849ff4e7d", kill_on_drop: false }`
[INFO] [stdout] e254e679f5ef418e31ee2f2db48a60cbef9300531f91145dae90a3c849ff4e7d
[INFO] running `Command { std: "docker" "create" "-v" "/var/lib/crater-agent-workspace/builds/worker-7/target:/opt/rustwide/target:rw,Z" "-v" "/var/lib/crater-agent-workspace/builds/worker-7/source:/opt/rustwide/workdir:ro,Z" "-v" "/var/lib/crater-agent-workspace/cargo-home:/opt/rustwide/cargo-home:ro,Z" "-v" "/var/lib/crater-agent-workspace/rustup-home:/opt/rustwide/rustup-home:ro,Z" "-e" "SOURCE_DIR=/opt/rustwide/workdir" "-e" "CARGO_TARGET_DIR=/opt/rustwide/target" "-e" "CARGO_INCREMENTAL=0" "-e" "RUST_BACKTRACE=full" "-e" "RUSTFLAGS=--cap-lints=forbid" "-e" "CARGO_HOME=/opt/rustwide/cargo-home" "-e" "RUSTUP_HOME=/opt/rustwide/rustup-home" "-w" "/opt/rustwide/workdir" "-m" "1610612736" "--user" "0:0" "--network" "none" "rustops/crates-build-env@sha256:d92eaeed33fa75130ca1ee6c8a01d1ffb62bac859dfdfb3450e3e5d1c0146529" "/opt/rustwide/cargo-home/bin/cargo" "+af3c6e733a40e671550e0f0f5aeecaa13772ba56" "check" "--frozen" "--all" "--all-targets" "--message-format=json", kill_on_drop: false }`
[INFO] [stdout] 0cdfdd0cf4267533cc6bbb51d56b18880b3755ca8ea5dbfb470d6ba991a79c9d
[INFO] [stderr] WARNING: Your kernel does not support swap limit capabilities or the cgroup is not mounted. Memory limited without swap.
[INFO] running `Command { std: "docker" "start" "-a" "0cdfdd0cf4267533cc6bbb51d56b18880b3755ca8ea5dbfb470d6ba991a79c9d", kill_on_drop: false }`
[INFO] [stderr]     Checking spin v0.5.2
[INFO] [stderr]     Checking nodrop v0.1.14
[INFO] [stderr]     Checking spin v0.4.10
[INFO] [stderr]     Checking volatile v0.2.7
[INFO] [stderr]     Checking array-init v0.0.3
[INFO] [stderr]     Checking lazy_static v1.4.0
[INFO] [stderr]     Checking blog_os v0.1.0 (/opt/rustwide/workdir)
[INFO] [stdout] error: expected one of `,`, `.`, `?`, `}`, or an operator, found `;`
[INFO] [stdout]    --> src/vga_buffer.rs:165:58
[INFO] [stdout]     |
[INFO] [stdout] 163 |         Writer {
[INFO] [stdout]     |         ------ while parsing this struct
[INFO] [stdout] 164 |             column_position: 0,
[INFO] [stdout] 165 |             color_code: ColorCode::new(Color::White, Color::Black); 
[INFO] [stdout]     |                                                                   ^
[INFO] [stdout]     |                                                                   |
[INFO] [stdout]     |                                                                   expected one of `,`, `.`, `?`, `}`, or an operator
[INFO] [stdout]     |                                                                   help: try adding a comma: `,`
[INFO] [stdout] 
[INFO] [stdout] 
[INFO] [stdout] error: unexpected token: `...`
[INFO] [stdout]    --> src/vga_buffer.rs:171:3
[INFO] [stdout]     |
[INFO] [stdout] 171 |         ...
[INFO] [stdout]     |         ^^^
[INFO] [stdout]     |
[INFO] [stdout] help: use `..` for an exclusive range
[INFO] [stdout]     |
[INFO] [stdout] 171 |         ..
[INFO] [stdout]     |
[INFO] [stdout] help: or `..=` for an inclusive range
[INFO] [stdout]     |
[INFO] [stdout] 171 |         ..=
[INFO] [stdout]     |
[INFO] [stdout] 
[INFO] [stdout] 
[INFO] [stdout] error[E0586]: inclusive range with no end
[INFO] [stdout]    --> src/vga_buffer.rs:171:3
[INFO] [stdout]     |
[INFO] [stdout] 171 |         ...
[INFO] [stdout]     |         ^^^ help: use `..` instead
[INFO] [stdout]     |
[INFO] [stdout]     = note: inclusive ranges must be bounded at the end (`..=b` or `a..=b`)
[INFO] [stdout] 
[INFO] [stdout] 
[INFO] [stderr] error: could not compile `blog_os`.
[INFO] [stdout] error[E0601]: `main` function not found in crate `blog_os`
[INFO] [stdout]   --> src/main.rs:10:1
[INFO] [stdout]    |
[INFO] [stdout] 10 | / #![feature(lang_items)]
[INFO] [stdout] 11 | | #![no_std]
[INFO] [stdout] 12 | | #![cfg_attr(not(test), no_main)]
[INFO] [stdout] 13 | | #![cfg_attr(test, allow(dead_code, unused_macros))]
[INFO] [stdout] ...  |
[INFO] [stdout] 39 | |     loop {}
[INFO] [stdout] 40 | | }
[INFO] [stdout]    | |_^ consider adding a `main` function to `src/main.rs`
[INFO] [stdout] 
[INFO] [stdout] 
[INFO] [stderr] 
[INFO] [stdout] error: aborting due to previous error
[INFO] [stdout] 
[INFO] [stdout] 
[INFO] [stderr] To learn more, run the command again with --verbose.
[INFO] [stdout] For more information about this error, try `rustc --explain E0601`.
[INFO] [stdout] 
[INFO] [stderr] warning: build failed, waiting for other jobs to finish...
[INFO] [stdout] error[E0425]: cannot find function `constructor_buffer` in this scope
[INFO] [stdout]    --> src/vga_buffer.rs:162:16
[INFO] [stdout]     |
[INFO] [stdout] 162 |         let buffer = constructor_buffer();
[INFO] [stdout]     |                      ^^^^^^^^^^^^^^^^^^ help: a function with a similar name exists: `construct_buffer`
[INFO] [stdout] ...
[INFO] [stdout] 170 |     fn construct_buffer() -> Buffer {
[INFO] [stdout]     |     ------------------------------- similarly named function `construct_buffer` defined here
[INFO] [stdout] 
[INFO] [stdout] 
[INFO] [stdout] warning: `...` range patterns are deprecated
[INFO] [stdout]    --> src/vga_buffer.rs:132:9
[INFO] [stdout]     |
[INFO] [stdout] 132 |                 0x20...0x7e | b'\n' => self.write_byte(byte),
[INFO] [stdout]     |                     ^^^ help: use `..=` for an inclusive range
[INFO] [stdout]     |
[INFO] [stdout]     = note: `#[warn(ellipsis_inclusive_range_patterns)]` on by default
[INFO] [stdout] 
[INFO] [stdout] 
[INFO] [stdout] warning: unused import: `std::boxed::Box`
[INFO] [stdout]    --> src/vga_buffer.rs:160:7
[INFO] [stdout]     |
[INFO] [stdout] 160 |         use std::boxed::Box;
[INFO] [stdout]     |             ^^^^^^^^^^^^^^^
[INFO] [stdout]     |
[INFO] [stdout]     = note: `#[warn(unused_imports)]` on by default
[INFO] [stdout] 
[INFO] [stdout] 
[INFO] [stdout] error[E0063]: missing field `buffer` in initializer of `vga_buffer::Writer`
[INFO] [stdout]    --> src/vga_buffer.rs:163:3
[INFO] [stdout]     |
[INFO] [stdout] 163 |         Writer {
[INFO] [stdout]     |         ^^^^^^ missing `buffer`
[INFO] [stdout] 
[INFO] [stdout] 
[INFO] [stdout] error: aborting due to 5 previous errors; 2 warnings emitted
[INFO] [stdout] 
[INFO] [stdout] 
[INFO] [stdout] Some errors have detailed explanations: E0063, E0425, E0586.
[INFO] [stdout] 
[INFO] [stdout] For more information about an error, try `rustc --explain E0063`.
[INFO] [stdout] 
[INFO] [stderr] error: build failed
[INFO] running `Command { std: "docker" "inspect" "0cdfdd0cf4267533cc6bbb51d56b18880b3755ca8ea5dbfb470d6ba991a79c9d", kill_on_drop: false }`
[INFO] running `Command { std: "docker" "rm" "-f" "0cdfdd0cf4267533cc6bbb51d56b18880b3755ca8ea5dbfb470d6ba991a79c9d", kill_on_drop: false }`
[INFO] [stdout] 0cdfdd0cf4267533cc6bbb51d56b18880b3755ca8ea5dbfb470d6ba991a79c9d
